t of m(-11)?
7
What is the thousands digit of ((-4)/(-2))/(3 + (-17305)/5770)?
2
Let g(b) = 22*b + 2. Let u = 98 - 93. Let v be g(u). Let l = v - 38. What is the units digit of l?
4
Let s = 121 + -109. Suppose -10*o + s*o = -5*u + 2589, 0 = o - 2*u - 1272. What is the thousands digit of o?
1
Suppose 2*m - 5*f = 1170, 3*m - 4*f + 2958 = 8*m. Let x = m - 443. What is the hundreds digit of x?
1
Let m be ((-10)/15)/((-2)/(-12)). Let y be 0 - -34 - m/(-2). Suppose -27*d = -y*d + 395. What is the tens digit of d?
7
Let l(g) = g**2 + g - 10. Let i be l(6). Suppose -2*x - d + i = -7*x, -3*x = -d + 20. What is the tens digit of 2/x*(-651 + -3) + -2?
1
Let p be (-1)/6 - (-9)/(108/26). Suppose 0 = i + 1, -p*m + i = -1471. What is the hundreds digit of m?
7
Let d(b) be the first derivative of 9*b**2 + 20 + 40*b + 1/3*b**3. What is the units digit of d(-17)?
3
Let z = -19580 + 65156. What is the tens digit of z?
7
Let t = 41 - 39. Suppose t = -4*r + 18, 5*r = -5*p + 200. What is the tens digit of ((-24)/p)/(1/(-63))?
4
Suppose 0*i = -5*i - 3*i. Suppose i = -5*q + 3*q. Suppose q = t - 2*k - 2*k - 43, 72 = 2*t - k. What is the units digit of t?
5
Let t be 3/(11/66 - 2/(-24)). What is the tens digit of (-1*2)/(t - 5572/464)?
3
Let q(k) = 100*k**2 + 143. What is the hundreds digit of q(-12)?
5
Let h(y) = -261*y + 1004. What is the thousands digit of h(-17)?
5
Let s = -165 - -203. Suppose -36*g + 614 = 2*i - s*g, i - 307 = 2*g. What is the hundreds digit of i?
3
Let r(o) = -8*o - 16. Suppose s + 4 = u, -u = -4*s + 2*s - 6. Let c be u/(-3)*6 - 11. What is the units digit of r(c)?
4
Let q(v) = -13*v**2 + 12*v**2 - 14*v + 37*v**2 + 16*v. What is the hundreds digit of q(3)?
3
Suppose 3*x + 40*f - 59660 = 35*f, 0 = -4*f - 8. What is the tens digit of x?
9
Suppose 0*m = -2*m + 402. Suppose 0 = -193*n + m*n - 1144. What is the units digit of n?
3
Let p = 218 + -190. Suppose p*c - 43*c = -9990. What is the tens digit of c?
6
Let k = 46 - 30. Let s = k - 15. What is the units digit of s - (-2 - -2) - (-2 - 130)?
3
Let i = 343 + -343. Let p(k) = k + 6. Let q be p(-6). What is the tens digit of 57 + q - (i/6 + 3)?
5
Suppose 8*w - 5872 = 4*w. Let q = 1021 - w. Let k = q - -641. What is the hundreds digit of k?
1
Suppose 3*k = -5*i - 19, 13 - 12 = -2*k - i. Suppose -k*p + 9262 = 9*p. What is the hundreds digit of p?
8
Let o be ((-10)/(-1))/((-5)/20). Let u(l) = 11*l - 12. Let x be u(-6). Let c = o - x. What is the tens digit of c?
3
Suppose -4*i - 2 = 5*u, -2*i + 3*u - 4 = 7*u. Suppose z - 4*r + 16 = 0, 0 = -5*z + 4*r - i*r + 10. What is the tens digit of -3*(-8)/3 + z + -1?
1
Let j(o) = -o**2 + 21*o - 94. Let z be j(14). Suppose -z*s = c - 717, -5*s + 899 = 8*c - 4*c. What is the hundreds digit of s?
1
Let d = 1186 - 586. Suppose -200*c - d = -202*c. What is the hundreds digit of c?
3
Suppose -2*x + 5*x = -6. Let v be x/4 + (-708)/(-8). Let g = v + -53. What is the tens digit of g?
3
Suppose 36*q = -4*z + 41*q + 59744, 5*z + 4*q = 74680. What is the tens digit of z?
3
Suppose -1 = -5*b + 3*v + 1, -3*b - 18 = 3*v. Let j be 2/3*3/b. What is the units digit of (4 - 3)*j + 53?
2
Let f(k) = -46*k**2 + 5*k + 6. Let m be f(-1). What is the tens digit of (-19585)/m - 6/27?
3
Suppose -14*s = 693 - 1827. Let k = s - 84. What is the tens digit of k/(-5) + (3 - (-682)/5)?
4
Let j = -263 - -265. Suppose 645 = j*i - 423. What is the units digit of i?
4
Let d = -105 - -198. Let o be (-669)/(-21) - ((-162)/(-42) - 4). Suppose n - o = d. What is the hundreds digit of n?
1
Suppose 18*h = 1 + 71. What is the tens digit of -4*291/(-12) + h?
0
What is the units digit of (1/((-4)/(-3466)))/(28 - (-10050)/(-360))?
8
Let j(c) = c**3 - 18*c**2 + 45*c - 21. Let w be j(21). Suppose -2680 - w = -13*y. What is the tens digit of y?
7
Let p be (-384)/(-39) - 4/(-26). Let l = -123 - 66. What is the tens digit of (l/18)/((-11)/p + 1)?
0
Let m(x) = 5*x**2 - 6*x + 48. Let y be 2*(1/1 - 22/4). What is the units digit of m(y)?
7
Suppose -5*n - 772*a + 90340 = -767*a, -5*n - 3*a + 90348 = 0. What is the ten thousands digit of n?
1
Let y(c) = -2*c**3 - 15*c**2 - 13*c + 47. What is the thousands digit of y(-13)?
2
Let w(o) = o**3 - 10*o**2 - 12*o + 15. Let x be w(11). Suppose 2*l + 318 = 5*q, x*q - l - 268 = 4*l. Suppose 0 = q*y - 64*y + 110. What is the units digit of y?
5
Suppose -4*o = 10*o. Suppose o = 2*d + 3*k - 487, -20*k = 4*d - 17*k - 959. What is the tens digit of d?
3
Let r = 25083 + -1716. What is the hundreds digit of r?
3
Suppose 0 = -3*u + j + 89, 3*u - 18 = 5*j + 79. Suppose 0 = 5*t - p - 1666, 0 = -u*p + 25*p - 4. What is the units digit of t?
3
Suppose 2*k = 308 - 296. Let j = 108 - k. What is the tens digit of j?
0
Let n be (-235)/(-4) - -3*4/48. Suppose 4*w = -2*o + 248, 3*w - 189 - n = -2*o. Suppose -c + 134 = 2*v, 0*v + 4*c + o = 2*v. What is the tens digit of v?
6
Let f(x) = 4216*x**2 + 9*x + 14. What is the hundreds digit of f(-2)?
8
Suppose -7*c = c - 2928. Suppose 4*u + c = 2*j - j, -2*j + 3*u = -707. What is the tens digit of j?
4
Suppose -4*z + 5*q + 11121 = 0, 9*q - 13*q = z - 2796. What is the hundreds digit of z?
7
Suppose -2*r = -5*g - 3957, -9960 = -0*r - 5*r - g. Suppose 3*t - 40*n = -38*n + r, -2*n + 3345 = 5*t. What is the hundreds digit of t?
6
Let a = -32 + -13. Let n = -43 - a. What is the hundreds digit of ((-30)/4)/((3 + n)/(-110))?
1
Let z(y) = y**3 + 13*y**2 + 17*y - 8. Let h be z(-11). Let p(x) = h + 8 + 8 + 4*x - 4. What is the tens digit of p(0)?
5
Suppose -3*w = 5398 - 22771. What is the tens digit of w?
9
Let p = 168 - 115. Let b = p + 219. What is the hundreds digit of b?
2
Let m be (-8464)/(-18) + (-4)/18. What is the tens digit of m - 4 - (-2 - -2)?
6
Let k be 0 - (-12)/(-2 - (-42)/12). Suppose s + k*j - 43 = 3*j, -5*s + 241 = -j. What is the tens digit of s?
4
What is the units digit of 3*2*(-4)/24*6361*-1?
1
Suppose -c + 194788 = 6*d, 0*d + 3*c - 32459 = -d. What is the ten thousands digit of d?
3
What is the thousands digit of 27694 - (14 - 3) - 21?
7
Suppose 310*n = 521*n - 6697351. What is the hundreds digit of n?
7
Suppose 5*p - 3*g = 17948, -g + 14692 = 5*p - 3272. What is the thousands digit of p?
3
Let l(a) = 3*a**2 - 6*a - 52. Let m be l(-7). Suppose -m - 538 = -s. Suppose 0 = 4*h - 2*t - 900, -4*h = -h - 2*t - s. What is the units digit of h?
5
Let z(r) = 40*r**3 + 1. Let f be z(1). Let x = -38 + f. Suppose 0 = k + x*i - 49, 0*k + 3*i = k - 37. What is the tens digit of k?
4
Let l = 5739 - -4554. What is the thousands digit of l?
0
Suppose -17 = -6*d + 1. Suppose 0 = 4*f + 4*i - 28, -3*f + 22 = -d*i - 11. Suppose 14*x = f*x + 815. What is the tens digit of x?
6
Suppose 0 = -5*l - 3*a, 4*a + 8 = -3*l - l. Suppose 2*m = b - 603, -4*m + 617 = -l*b + 2434. What is the units digit of b?
1
Suppose -2*q + 3 = 2*d - 1, -10 = -2*q + d. Suppose -2200 = -12*l - 10*l. Let a = l - q. What is the tens digit of a?
9
Let q = 58 - 54. Suppose q*r + 12652 = -3*d, 2*d - 5*r = -2874 - 5553. What is the hundreds digit of d/(-24) + 2/6?
1
What is the hundreds digit of -2 + (-316319)/(-34) + (-5)/(-2)?
3
Let l(i) = 155*i - 262. Suppose 37 = 29*d - 137. What is the hundreds digit of l(d)?
6
Let m(d) = -22*d + 12. Let j(x) = 1. Let i(c) = -3*j(c) + m(c). What is the hundreds digit of i(-6)?
1
Let i(t) be the first derivative of 15*t**3 + 5*t**2/2 + 5*t + 35. What is the units digit of i(-3)?
5
Let y(m) = -53*m + 20. Suppose -3*w + 5*w + 26 = -3*f, f = -2. Let z be y(w). Suppose -p = 3*j + p - z, 0 = -4*j - 5*p + 738. What is the hundreds digit of j?
1
Let x = 124 - 122. Suppose 0*p - 3*p - 1396 = -m, -4 = x*m. What is the units digit of (4 + 1)*(p/(-10) - -3)?
8
Suppose 2*a - 4*d - 24142 = 0, -39*d + 12050 = a - 44*d. What is the thousands digit of a?
2
Suppose 13*j - 77 = 97722. What is the hundreds digit of j?
5
Suppose -3*y = -3*i + 5*i - 32, -2*i = 5*y - 36. Let r(l) = -l**2 + 19*l - 6. What is the tens digit of r(i)?
7
Suppose -2*s = -k - 41, -7*s = -10*s + 3*k + 60. Suppose 8*w = -s*w + 8903. What is the tens digit of w?
0
Suppose 5*t + 5*w - 31765 = 0, -42*t + 31825 = -37*t - 5*w. What is the hundreds digit of t?
3
Let d(i) = -i**2 - 15*i - 6. Let r(k) be the first derivative of -3*k**2/2 - 5*k - 30. Let l be r(2). What is the units digit of d(l)?
8
Suppose 3*y = 